 n(t) = 8*t**2 + 52*t - 7. Let p(i) = 7*n(i) - 6*r(i). What is the remainder when 131 is divided by p(5)?
32
Let i(f) = 3*f**3 - 30*f**2 + 59*f - 57. What is the remainder when 776 is divided by i(8)?
1
Let i(o) = 2*o**2 + 18*o + 6. Calculate the remainder when i(-13) is divided by 4/22 + (-317)/(-11).
23
Suppose 340 - 82 = 4*i - 2*t, i - 92 = -5*t. Let d(q) = -3*q + 13. Let u be d(13). Let l = -16 - u. What is the remainder when i is divided by l?
7
Let n(a) = -a**3 - 32*a**2 - 3*a - 44. Let x be n(-32). Suppose x*o + 32 = 53*o. What is the remainder when 124 is divided by o?
28
Let m = 117 + -206. Let w = m + 89. Suppose -k + 2*c + 41 = 0, 7*k - 2*k + 3*c - 179 = w. What is the remainder when k is divided by 11?
4
Suppose 289 = 36*a - 19*a. Let b = -11 - -13. What is the remainder when a is divided by b?
1
Let c = 355 + -252. Suppose 2*o - 175 = -b + 19, -o + c = 2*b. What is the remainder when o is divided by 16?
15
Suppose -60*a - 19*a = -42186. What is the remainder when a is divided by 21?
9
Let d be -2 - ((-2 - -4) + -5) - 3. Let t be (d/(-3))/((-6)/(-927)). Suppose -3*z + t = -47. Calculate the remainder when z is divided by 16.
2
Let y(a) = 29*a - 1842. What is the remainder when 212 is divided by y(65)?
40
Let q be (1 - 2) + 6 + -2. Suppose 2*x = -q*x + 650. Let i(t) = -t**2 + 82*t - 972. What is the remainder when x is divided by i(15)?
31
Suppose 191*x - 56 + 72 = 398. Calculate the remainder when 682 is divided by x.
0
Suppose 0*m - 2*m = -4. Suppose 4*x + 635 = -x. Let a = x + 135. What is the remainder when a is divided by m?
0
Let t be (75/45)/((-1)/(7 + 2)). Let r(f) = -f**2 - 13*f + 74. Calculate the remainder when 107 is divided by r(t).
19
Suppose 3*a + 99 - 424 = 5*s, 0 = 4*s - a + 253. What is the remainder when (s + 65)/((-2)/(-102)) is divided by 51?
0
Let d be (-3)/(56/68 - 1) + -1. What is the remainder when 38 is divided by 95*15/(600/d)?
0
Suppose 0 = 32*s - 4128 - 3904. Calculate the remainder when s is divided by 15.
11
Let i = 161 - 296. Let s = -35 - i. Calculate the remainder when s is divided by 50.
0
Let a(l) = -l**2 - l + 4. Let h be a(0). Suppose h*k - 19*k = -975. What is the remainder when k is divided by 11?
10
Suppose 2*o = 3*d + 811, 1135 = -5*o - 5*d + 3125. Suppose 27*s - 552 = 499 - 52. What is the remainder when o is divided by s?
31
Let n(g) = -g**2 - 7*g - 3. Suppose -67 = 14*z - 11. Calculate the remainder when 47 is divided by n(z).
2
Suppose 0 = -3*x + 673 + 521. Let c = 494 - x. Calculate the remainder when c is divided by 34.
28
Suppose -8*i + 182 = 38. Suppose -67*r - i = -73*r. Let g = -8 - -19. Calculate the remainder when g is divided by r.
2
Suppose -13*b + 12 = -7*b. Let v = -21 + 46. Calculate the remainder when ((-854)/(-35))/((b - -1)/15) is divided by v.
22
Let p = -123 + 103. Calculate the remainder when 245 is divided by (135/(-12) - -1)/(5/p).
40
Suppose -5*c - 718*z + 719*z + 11991 = 0, -6*z + 7155 = 3*c. Calculate the remainder when c is divided by 11.
10
Let i be (-405)/(-6) + 2/4. Let m = -44 + i. Suppose -5*x - 200 = -5*q, -3*q + 5*x = -112 - 0. Calculate the remainder when q is divided by m.
20
Let c = 6874 - 4731. What is the remainder when c is divided by 5?
3
Let g = 212 + -207. Let r(x) = -5*x**2 + 25*x + 3. Calculate the remainder when 16 is divided by r(g).
1
Suppose -3*n + n - 9 = -k, -12 = -k + 3*n. Suppose 9*b + 1505 = 2*b. Let l = -210 - b. What is the remainder when l is divided by k?
2
Suppose -6*n = -5*n - 3*n + 332. What is the remainder when 1151 is divided by n?
155
Suppose -5*c - 6324 = 976. Calculate the remainder when c/(-40)*(3 - 1) is divided by 38.
35
Let x(d) = d**2 + 9*d + 77. Let c be x(-10). Suppose 0 = 4*h - 3*m - 1048, 2*m + 170 = h - c. Calculate the remainder when h is divided by 67.
64
Let m = 125 - -31. Suppose -9*c - 4*c = -m. Suppose -c*z = -17*z + 60. What is the remainder when 46 is divided by z?
10
Let b(l) = -102*l - 13*l**2 - l**3 + 33*l + 49*l - 1. Calculate the remainder when b(-12) is divided by 14.
11
Suppose 17*f = -33*f + 800. Calculate the remainder when 1903 is divided by f.
15
Suppose -w + 409 = 2*m - 121, -5*w - 2*m = -2698. Calculate the remainder when w is divided by 136.
134
Let g = 1780 + 5911. What is the remainder when g is divided by 154?
145
Let f = 7 + 65. Let p be ((-13)/(-4) - 1) + 6/(-24). Suppose 0 = -3*d - p - 10, 0 = 2*y - 5*d - 50. Calculate the remainder when f is divided by y.
12
Suppose 5*m = 3*q + 116429, -1043 + 1041 = -q. What is the remainder when m is divided by 71?
70
Let i(b) = 12*b**2 - 8*b + 8. Suppose -q = -5*q - 16, 2*q + 3 = -5*x. Calculate the remainder when 46 is divided by i(x).
10
What is the remainder when (-7 + 7374/18)/((-8)/(-12)) is divided by 21?
16
Let i(z) = -8053*z - 37. Let b be i(-1). Suppose -118*y = -102*y - b. Calculate the remainder when y is divided by 14.
11
Let s be ((-652)/9)/(-2) - 8/36. Suppose 55*r - s = 54*r. Calculate the remainder when r is divided by 4.
0
Let r = 2 + -2. Suppose -69*p = -73*p - 4*l + 608, -4*p - 3*l = -612. Suppose r = -7*k + k + p. What is the remainder when k is divided by 6?
2
Suppose 4*u = 2*r + 232, -181 = -3*u - 371*r + 376*r. What is the remainder when 205 is divided by u?
34
Suppose -3001 = -3*p + 4*g, 2*g + 4403 = 5*p - 580. What is the remainder when p is divided by 20?
15
What is the remainder when ((14832/(-30))/2)/((3/135)/(-1)) is divided by 318?
312
Suppose 3*m + 72 - 238 = 2*t, 285 = 5*m + 5*t. Calculate the remainder when 311 is divided by m.
31
Let c(b) = -b**2 + 84*b - 1650. Calculate the remainder when 389 is divided by c(38).
95
Suppose -5*x - 3*g + 4268 = 0, -5*x = 34*g - 39*g - 4300. Calculate the remainder when x is divided by 43.
39
Let i = -94 - -97. Let g be (8 - 7)*2/2. What is the remainder when (-1)/(1/(-9))*g is divided by i?
0
Let q be 1/(3/(-96)*-4). Suppose -3*m - 88 = -8*m - 4*k, 4*k - q = 0. What is the remainder when 303 is divided by m?
15
Let g = -24181 - -24805. What is the remainder when g is divided by 148?
32
Suppose -4*w - 12*d + 84 = -7*d, 2*d = 0. Calculate the remainder when 2087 is divided by w.
8
Suppose -2*j = -8*d + 3*d - 15, 4*j = 5*d + 55. Suppose -165 = -4*r + 47. Let l = r + 24. Calculate the remainder when l is divided by j.
17
Let r = -926 + 936. Let p(g) = g + 6. Let q be p(-3). Suppose 151 = 4*d + q. What is the remainder when d is divided by r?
7
Let a(l) = -32*l - 180 + 29*l**2 + 27*l**2 + 29*l**2 - 86*l**2. What is the remainder when 202 is divided by a(-8)?
10
Let o be (-3)/3 + (-20)/2. Let p(t) = t**3 + 10*t**2 - 11*t + 23. Let w = -208 + 217. What is the remainder when p(o) is divided by w?
5
Let x(h) be the third derivative of 5*h**2 + 0 - 3/2*h**3 + 0*h - 5/4*h**4. Calculate the remainder when x(-3) is divided by 41.
40
Calculate the remainder when 5961 is divided by 112/6 - 2821/(-1209).
18
Suppose 100*k - 3989 - 2111 = 0. Calculate the remainder when 369 is divided by k.
3
Suppose -4*f + 10*f - 21 = -3. What is the remainder when 11 is divided by f?
2
Let z = 183 + -177. Let f(s) = -10*s**2 + s + 1. Let q be f(-1). Let v = -1 - q. Calculate the remainder when v is divided by z.
3
Let m(z) = 6*z**2 - z. Let l = 12 - 13. Calculate the remainder when m(l) is divided by (1365/(-8))/(-39) - 3/8.
3
Let g(m) = 17*m + 4*m**2 + 2 - 15*m**2 + m**3 - 3 + 0 - 18. Suppose 2*o = 250 + 54. What is the remainder when o is divided by g(10)?
50
Calculate the remainder when 271 is divided by (4/(-28) - -1)/((-8)/(-784)).
19
Let h be 6 + 51 - (-3)/(-1). Let a = -33 + h. Let z = -1443 + 1651. What is the remainder when z is divided by a?
19
Suppose 2 = 2*h, 1382 = 3*a + 6*h - 7*h. Suppose -891 = -52*m + a. Let d = 17 - 10. Calculate the remainder when m is divided by d.
5
Let b = 150 - -58. Let h(c) = -123*c**3 + 3*c - 2. Let r be h(1). Let d = r + b. Calculate the remainder when d is divided by 26.
8
Let h(d) = -3*d**3 + 5*d + 423. What is the remainder when h(0) is divided by 81?
18
Suppose -3 - 1 = -2*n. Suppose -n*y + 5*p - 3*p = -14, 4*p = 0. What is the remainder when -11*((-5)/15)/((-3)/(-9)) is divided by y?
4
Let l(g) = g**3 + g**2 + 7*g - 39. What is the remainder when l(4) is divided by (-64)/(-2) + 44/(-44)?
7
Let r = 450 + -340. Suppose -r = -5*x - 5*v, -4*x + 13 = -v - 80. Calculate